{"id":11603,"date":"2019-06-18T14:24:53","date_gmt":"2019-06-18T12:24:53","guid":{"rendered":"http:\/\/www.gmboardgames.com\/blog\/?page_id=11603"},"modified":"2025-05-26T19:37:02","modified_gmt":"2025-05-26T17:37:02","slug":"bogowie-wojny-togo","status":"publish","type":"page","link":"https:\/\/www.gmboardgames.com\/blog\/bogowie-wojny-togo\/","title":{"rendered":"Bogowie wojny: Togo"},"content":{"rendered":"\n<p><em>O\ngodzinie 14.05 lokalnego czasu admira\u0142 Togo nakaza\u0142 ostry zwrot w\nlewo aby przeci\u0105\u0107 szyk nieprzyjaciela. Mikasa i pozosta\u0142e\npancerniki rozpocz\u0119\u0142y niebezpieczny manewr pod ogniem rosyjskiej\nfloty. Ka\u017cdy z nich w momencie zwrotu by\u0142 nara\u017cony na ogie\u0144 ca\u0142ej\nrosyjskiej eskadry. Minuty d\u0142u\u017cy\u0142y si\u0119 w przera\u017caj\u0105cym\nnapi\u0119ciu&#8230;<\/em><\/p>\n\n\n\n<p><em>Jednak\u017ce\nRosjanie strzelali bardzo niecelnie. Gdy tylko Japo\u0144czycy zako\u0144czyli\nsw\u00f3j manewr ca\u0142a rosyjska flota by\u0142a wystawiona jak na talerzu. O\n14.10 Mikasa otworzy\u0142a ogie\u0144.<\/em><\/p>\n\n\n\n<p><em>Pogoda by\u0142a dobra, cho\u0107 fale wysokie.<\/em><\/p>\n\n\n\n<figure class=\"wp-block-embed is-type-video is-provider-youtube wp-block-embed-youtube wp-embed-aspect-16-9 wp-has-aspect-ratio\"><div class=\"wp-block-embed__wrapper\">\n<iframe loading=\"lazy\" title=\"Gods of War: Togo teaser trailer\" width=\"474\" height=\"267\" src=\"https:\/\/www.youtube.com\/embed\/idvifXWDc1A?feature=oembed\" frameborder=\"0\" allow=\"accelerometer; autoplay; clipboard-write; encrypted-media; gyroscope; picture-in-picture; web-share\" referrerpolicy=\"strict-origin-when-cross-origin\" allowfullscreen><\/iframe>\n<\/div><figcaption class=\"wp-element-caption\">Teaser trailer<\/figcaption><\/figure>\n\n\n\n<p>\u201e<strong>Bogowie wojny: Togo<\/strong>\u201d to trzecia gra z serii \u201cBogowie wojny\u201d. Tym razem aren\u0105 wojny b\u0119d\u0105 rzeki, morza i oceany. Gracze b\u0119d\u0105 mogli dowodzi\u0107 pancernikami, kr\u0105\u017cownikami pancernymi, czy torpedowcami w bitwie pod Cuszim\u0105, Santiago de Cuba, czy ka\u017cdej dowolnej, kt\u00f3r\u0105 zechc\u0105 rozegra\u0107. Niczym admira\u0142 Togo, obejm\u0105 dowodzenie nad eskadr\u0105 pot\u0119\u017cnych jednostek, aby dzi\u0119ki doskona\u0142emu planowaniu, sprytnym manewrom i celnym salwom artylerii, zatopi\u0107 flot\u0119 przeciwnika. Rozpoczynaj\u0105c przygod\u0119 z BW: Togo, wst\u0119pujesz do naszej akademii morskiej. Po uko\u0144czeniu kursu, b\u0119dziesz got\u00f3w do obj\u0119cia dowodzenia nad w\u0142asnym okr\u0119tem, a nawet ca\u0142\u0105 eskadr\u0105!<\/p>\n\n\n\n<p>Patronem gry jest s\u0142ynny japo\u0144ski admira\u0142 <strong>Togo Heihachiro<\/strong>,  zwany przez wielu \u201cNelsonem wschodu\u201d. Sam zreszt\u0105 uwa\u017ca\u0142 si\u0119 za  reinkarnacj\u0119 tego brytyjskiego admira\u0142a. Togo rozpocz\u0105\u0142 swoj\u0105 karier\u0119 w  latach 60-tych XIX wieku, zatem w czasach schy\u0142ku drewnianych okr\u0119t\u00f3w  wojennych i nastania epoki okr\u0119t\u00f3w pancernych. \u017bagle by\u0142y zast\u0119powane  stopniowo coraz bardziej efektywnym nap\u0119dem parowym. Jego najwi\u0119ksze  sukcesy nale\u017c\u0105 ju\u017c do zupe\u0142nie innej epoki \u2013 predrednot\u00f3w. Jako dow\u00f3dca  jednego z okr\u0119t\u00f3w bra\u0142 udzia\u0142 w bitwie u uj\u015bcia rzeki Yalu, a jako  naczelny dow\u00f3dca floty zwyci\u0119\u017cy\u0142 w bitwie na Morzu \u017b\u00f3\u0142tym i w bitwie pod  Cuszim\u0105 w 1905 roku. Ta ostatnia wiktoria by\u0142a jednocze\u015bnie jednym z  najwi\u0119kszych zwyci\u0119stw w najnowszej historii wojen morskich. Okr\u0119ty  admira\u0142a Togo wyeliminowa\u0142y bowiem ca\u0142\u0105 flot\u0119 przeciwnika \u2013  kilkadziesi\u0105t jednostek!  Bitwa pod Cuszim\u0105 zamyka jednocze\u015bnie okres,  kt\u00f3rym zajmuje si\u0119 gra: od \u017caglowych okr\u0119t\u00f3w liniowych, po predrednoty. <\/p>\n\n\n\n<figure class=\"wp-block-gallery has-nested-images columns-1 is-cropped wp-block-gallery-1 is-layout-flex wp-block-gallery-is-layout-flex\">\n<figure class=\"wp-block-image size-large\"><a href=\"http:\/\/www.gmboardgames.com\/blog\/wp-content\/uploads\/2022\/09\/poradnik-malowania-fotab.jpg\"><img loading=\"lazy\" decoding=\"async\" width=\"1600\" height=\"901\" data-id=\"14839\" src=\"http:\/\/www.gmboardgames.com\/blog\/wp-content\/uploads\/2022\/09\/poradnik-malowania-fotab.jpg\" alt=\"\" class=\"wp-image-14839\" srcset=\"https:\/\/www.gmboardgames.com\/blog\/wp-content\/uploads\/2022\/09\/poradnik-malowania-fotab.jpg 1600w, https:\/\/www.gmboardgames.com\/blog\/wp-content\/uploads\/2022\/09\/poradnik-malowania-fotab-300x169.jpg 300w, https:\/\/www.gmboardgames.com\/blog\/wp-content\/uploads\/2022\/09\/poradnik-malowania-fotab-1024x577.jpg 1024w, https:\/\/www.gmboardgames.com\/blog\/wp-content\/uploads\/2022\/09\/poradnik-malowania-fotab-768x432.jpg 768w, https:\/\/www.gmboardgames.com\/blog\/wp-content\/uploads\/2022\/09\/poradnik-malowania-fotab-1536x865.jpg 1536w\" sizes=\"auto, (max-width: 1600px) 100vw, 1600px\" \/><\/a><\/figure>\n\n\n\n<figure class=\"wp-block-image size-large\"><a href=\"http:\/\/www.gmboardgames.com\/blog\/wp-content\/uploads\/2024\/08\/togo27-scaled.jpg\"><img loading=\"lazy\" decoding=\"async\" width=\"1024\" height=\"577\" data-id=\"16082\" src=\"http:\/\/www.gmboardgames.com\/blog\/wp-content\/uploads\/2024\/08\/togo27-1024x577.jpg\" alt=\"\" class=\"wp-image-16082\" srcset=\"https:\/\/www.gmboardgames.com\/blog\/wp-content\/uploads\/2024\/08\/togo27-1024x577.jpg 1024w, https:\/\/www.gmboardgames.com\/blog\/wp-content\/uploads\/2024\/08\/togo27-300x169.jpg 300w, https:\/\/www.gmboardgames.com\/blog\/wp-content\/uploads\/2024\/08\/togo27-768x432.jpg 768w, https:\/\/www.gmboardgames.com\/blog\/wp-content\/uploads\/2024\/08\/togo27-1536x865.jpg 1536w, https:\/\/www.gmboardgames.com\/blog\/wp-content\/uploads\/2024\/08\/togo27-2048x1153.jpg 2048w\" sizes=\"auto, (max-width: 1024px) 100vw, 1024px\" \/><\/a><\/figure>\n\n\n\n<figure class=\"wp-block-image size-large\"><a href=\"http:\/\/www.gmboardgames.com\/blog\/wp-content\/uploads\/2025\/05\/DSC07845.jpg\"><img loading=\"lazy\" decoding=\"async\" width=\"1024\" height=\"768\" data-id=\"16751\" src=\"http:\/\/www.gmboardgames.com\/blog\/wp-content\/uploads\/2025\/05\/DSC07845-1024x768.jpg\" alt=\"\" class=\"wp-image-16751\" srcset=\"https:\/\/www.gmboardgames.com\/blog\/wp-content\/uploads\/2025\/05\/DSC07845-1024x768.jpg 1024w, https:\/\/www.gmboardgames.com\/blog\/wp-content\/uploads\/2025\/05\/DSC07845-300x225.jpg 300w, https:\/\/www.gmboardgames.com\/blog\/wp-content\/uploads\/2025\/05\/DSC07845-768x576.jpg 768w, https:\/\/www.gmboardgames.com\/blog\/wp-content\/uploads\/2025\/05\/DSC07845-1536x1152.jpg 1536w, https:\/\/www.gmboardgames.com\/blog\/wp-content\/uploads\/2025\/05\/DSC07845.jpg 2000w\" sizes=\"auto, (max-width: 1024px) 100vw, 1024px\" \/><\/a><\/figure>\n\n\n\n<figure class=\"wp-block-image size-large\"><a href=\"http:\/\/www.gmboardgames.com\/blog\/wp-content\/uploads\/2024\/08\/togo24-scaled.jpg\"><img loading=\"lazy\" decoding=\"async\" width=\"1024\" height=\"577\" data-id=\"16081\" src=\"http:\/\/www.gmboardgames.com\/blog\/wp-content\/uploads\/2024\/08\/togo24-1024x577.jpg\" alt=\"\" class=\"wp-image-16081\" srcset=\"https:\/\/www.gmboardgames.com\/blog\/wp-content\/uploads\/2024\/08\/togo24-1024x577.jpg 1024w, https:\/\/www.gmboardgames.com\/blog\/wp-content\/uploads\/2024\/08\/togo24-300x169.jpg 300w, https:\/\/www.gmboardgames.com\/blog\/wp-content\/uploads\/2024\/08\/togo24-768x432.jpg 768w, https:\/\/www.gmboardgames.com\/blog\/wp-content\/uploads\/2024\/08\/togo24-1536x865.jpg 1536w, https:\/\/www.gmboardgames.com\/blog\/wp-content\/uploads\/2024\/08\/togo24-2048x1153.jpg 2048w\" sizes=\"auto, (max-width: 1024px) 100vw, 1024px\" \/><\/a><\/figure>\n<\/figure>\n\n\n\n<p>Histori\u0119 wojen na morzu mo\u017cna podzieli\u0107 na kilka okres\u00f3w. Togo b\u0119dzie obejmuje dwa z nich:<\/p>\n\n\n\n<ul class=\"wp-block-list\">\n<li><strong>Okr\u0119t\u00f3w pancernych<\/strong>, kt\u00f3re pojawi\u0142y si\u0119 w latach 60tych XIX wieku i osi\u0105gn\u0119\u0142y dojrza\u0142o\u015b\u0107 dwie dekady p\u00f3\u017aniej.<\/li>\n\n\n\n<li><strong>Predrednot\u00f3w<\/strong>,  czyli pot\u0119\u017cnie uzbrojonych pancernik\u00f3w, kt\u00f3re produkowano od ko\u0144ca lat  80-tych XIX wieku, a\u017c do pierwszej dekady XX wieku.<\/li>\n<\/ul>\n\n\n\n<p>W pierwszej kolejno\u015bci dost\u0119pny jest okres predrednot\u00f3w.<\/p>\n\n\n\n<p>Modele do BW: Togo s\u0105 produkowane w skali 1:1200, jako  druki 3D. <\/p>\n\n\n\n<p>Pora wspomnie\u0107 troch\u0119 o <strong>zasadach gry<\/strong>. Bardzo dobrze podsumowuje to  videorecenzja na kanale <strong>Berdysza<\/strong>:<\/p>\n\n\n\n<figure class=\"wp-block-embed is-type-video is-provider-youtube wp-block-embed-youtube wp-embed-aspect-16-9 wp-has-aspect-ratio\"><div class=\"wp-block-embed__wrapper\">\n<iframe loading=\"lazy\" title=\"Bogowie Wojny: Togo - Om\u00f3wienie zasad i recenzja gry\" width=\"474\" height=\"267\" src=\"https:\/\/www.youtube.com\/embed\/uEQSmqAF0r0?feature=oembed\" frameborder=\"0\" allow=\"accelerometer; autoplay; clipboard-write; encrypted-media; gyroscope; picture-in-picture; web-share\" referrerpolicy=\"strict-origin-when-cross-origin\" allowfullscreen><\/iframe>\n<\/div><\/figure>\n\n\n\n<p>Oraz videoporadnik na kanale GM Boardgames.<\/p>\n\n\n\n<figure class=\"wp-block-embed is-type-video is-provider-youtube wp-block-embed-youtube wp-embed-aspect-16-9 wp-has-aspect-ratio\"><div class=\"wp-block-embed__wrapper\">\n<iframe loading=\"lazy\" title=\"G\u0142\u00f3wne zasady gry Bogowie wojny: Togo\" width=\"474\" height=\"267\" src=\"https:\/\/www.youtube.com\/embed\/Wv3Fj8QY1M8?feature=oembed\" frameborder=\"0\" allow=\"accelerometer; autoplay; clipboard-write; encrypted-media; gyroscope; picture-in-picture; web-share\" referrerpolicy=\"strict-origin-when-cross-origin\" allowfullscreen><\/iframe>\n<\/div><\/figure>\n\n\n\n<p>Warto te\u017c obejrze\u0107 i poczyta\u0107 przyk\u0142adowe <strong>raporty z gier<\/strong>. W pierwszej kolejno\u015bci ten, stworzony przez Berdysza.<\/p>\n\n\n\n<figure class=\"wp-block-embed is-type-video is-provider-youtube wp-block-embed-youtube wp-embed-aspect-16-9 wp-has-aspect-ratio\"><div class=\"wp-block-embed__wrapper\">\n<iframe loading=\"lazy\" title=\"TOGO - Raport Bitewny - US NAVY vs ARMADA ESPA\u00d1OLA\" width=\"474\" height=\"267\" src=\"https:\/\/www.youtube.com\/embed\/Cgj9fsm6RWc?feature=oembed\" frameborder=\"0\" allow=\"accelerometer; autoplay; clipboard-write; encrypted-media; gyroscope; picture-in-picture; web-share\" referrerpolicy=\"strict-origin-when-cross-origin\" allowfullscreen><\/iframe>\n<\/div><\/figure>\n\n\n\n<p>Oraz doskona\u0142\u0105 i rzeteln\u0105 recenzj\u0119 wraz z raportem bitewnym, napisan\u0105 przez Dawida Kurka: <a href=\"https:\/\/www.facebook.com\/groups\/GryBitewne\/permalink\/1683794858797765\/?paipv=0&amp;eav=AfZvd8ZGxx7aNJLO7EERu211vGnqDJzTZwgyroekLGJFnVoS_8Q_uu60efCaeGJ4P_E&amp;_rdr\" target=\"_blank\" rel=\"noreferrer noopener\">LINK<\/a><\/p>\n\n\n\n<p><a rel=\"noreferrer noopener\" href=\"https:\/\/www.facebook.com\/groups\/615266705289069\/posts\/2504916512990736\/\" target=\"_blank\">Raport 1<\/a>. Japonia vs USA.<\/p>\n\n\n\n<p><a rel=\"noreferrer noopener\" href=\"https:\/\/tancreddebeauville.com\/2022\/12\/31\/gods-of-war-togo-last-struggle-bogowie-wojny-togo-ostatnie-starcie\/\" target=\"_blank\">Raport 2<\/a>. Rosja vs Hiszpania.<\/p>\n\n\n\n<p><a href=\"https:\/\/www.facebook.com\/groups\/615266705289069\/posts\/2500351823447205\/\" target=\"_blank\" rel=\"noreferrer noopener\">Raport 3<\/a>. Japonia vs USA.<\/p>\n\n\n\n<p><a href=\"https:\/\/www.facebook.com\/gmboardgames\/posts\/pfbid02aTrBMSNQ5LsrmvUmyyXv2mhsa4mowKRg169z3ZA2NkDLDYqo7NbYDVg4MwxyD3afl\" target=\"_blank\" rel=\"noreferrer noopener\">Raport 4<\/a>. Pierwszy turniej w BW: Togo.<\/p>\n\n\n\n<p>Podr\u0119cznik, zestawy startowe i wszystkie okr\u0119ty i akcesoria mo\u017cna kupi\u0107 na stronie naszego wydawcy i dystrybutora &#8211; sklepu <strong><a href=\"https:\/\/bolter.pl\/pl\/c\/BOGOWIE-WOJNY-TOGO\/1787\" target=\"_blank\" rel=\"noreferrer noopener\">Bolter.pl<\/a><\/strong><\/p>\n\n\n<div class=\"wp-block-image\">\n<figure class=\"aligncenter size-large\"><a href=\"http:\/\/www.gmboardgames.com\/blog\/wp-content\/uploads\/2025\/05\/produktowe-Togo-67-scaled.jpg\"><img loading=\"lazy\" decoding=\"async\" width=\"1024\" height=\"576\" src=\"http:\/\/www.gmboardgames.com\/blog\/wp-content\/uploads\/2025\/05\/produktowe-Togo-67-1024x576.jpg\" alt=\"\" class=\"wp-image-16755\" srcset=\"https:\/\/www.gmboardgames.com\/blog\/wp-content\/uploads\/2025\/05\/produktowe-Togo-67-1024x576.jpg 1024w, https:\/\/www.gmboardgames.com\/blog\/wp-content\/uploads\/2025\/05\/produktowe-Togo-67-300x169.jpg 300w, https:\/\/www.gmboardgames.com\/blog\/wp-content\/uploads\/2025\/05\/produktowe-Togo-67-768x432.jpg 768w, https:\/\/www.gmboardgames.com\/blog\/wp-content\/uploads\/2025\/05\/produktowe-Togo-67-1536x864.jpg 1536w, https:\/\/www.gmboardgames.com\/blog\/wp-content\/uploads\/2025\/05\/produktowe-Togo-67-2048x1152.jpg 2048w\" sizes=\"auto, (max-width: 1024px) 100vw, 1024px\" \/><\/a><\/figure><\/div>\n\n\n<h2 class=\"wp-block-heading\"><\/h2>\n\n\n<div class=\"wp-block-image\">\n<figure class=\"aligncenter size-large\"><a href=\"http:\/\/www.gmboardgames.com\/blog\/wp-content\/uploads\/2025\/05\/produktowe-Togo-55-scaled.jpg\"><img loading=\"lazy\" decoding=\"async\" width=\"1024\" height=\"577\" src=\"http:\/\/www.gmboardgames.com\/blog\/wp-content\/uploads\/2025\/05\/produktowe-Togo-55-1024x577.jpg\" alt=\"\" class=\"wp-image-16752\" srcset=\"https:\/\/www.gmboardgames.com\/blog\/wp-content\/uploads\/2025\/05\/produktowe-Togo-55-1024x577.jpg 1024w, https:\/\/www.gmboardgames.com\/blog\/wp-content\/uploads\/2025\/05\/produktowe-Togo-55-300x169.jpg 300w, https:\/\/www.gmboardgames.com\/blog\/wp-content\/uploads\/2025\/05\/produktowe-Togo-55-768x432.jpg 768w, https:\/\/www.gmboardgames.com\/blog\/wp-content\/uploads\/2025\/05\/produktowe-Togo-55-1536x865.jpg 1536w, https:\/\/www.gmboardgames.com\/blog\/wp-content\/uploads\/2025\/05\/produktowe-Togo-55-2048x1153.jpg 2048w\" sizes=\"auto, (max-width: 1024px) 100vw, 1024px\" \/><\/a><\/figure><\/div>\n\n<div class=\"wp-block-image\">\n<figure class=\"aligncenter size-large\"><a href=\"http:\/\/www.gmboardgames.com\/blog\/wp-content\/uploads\/2025\/05\/produktowe-Togo-59-scaled.jpg\"><img loading=\"lazy\" decoding=\"async\" width=\"1024\" height=\"577\" src=\"http:\/\/www.gmboardgames.com\/blog\/wp-content\/uploads\/2025\/05\/produktowe-Togo-59-1024x577.jpg\" alt=\"\" class=\"wp-image-16753\" srcset=\"https:\/\/www.gmboardgames.com\/blog\/wp-content\/uploads\/2025\/05\/produktowe-Togo-59-1024x577.jpg 1024w, https:\/\/www.gmboardgames.com\/blog\/wp-content\/uploads\/2025\/05\/produktowe-Togo-59-300x169.jpg 300w, https:\/\/www.gmboardgames.com\/blog\/wp-content\/uploads\/2025\/05\/produktowe-Togo-59-768x432.jpg 768w, https:\/\/www.gmboardgames.com\/blog\/wp-content\/uploads\/2025\/05\/produktowe-Togo-59-1536x865.jpg 1536w, https:\/\/www.gmboardgames.com\/blog\/wp-content\/uploads\/2025\/05\/produktowe-Togo-59-2048x1153.jpg 2048w\" sizes=\"auto, (max-width: 1024px) 100vw, 1024px\" \/><\/a><\/figure><\/div>\n\n<div class=\"wp-block-image\">\n<figure class=\"aligncenter size-large\"><a href=\"http:\/\/www.gmboardgames.com\/blog\/wp-content\/uploads\/2025\/05\/produktowe-Togo-62-scaled.jpg\"><img loading=\"lazy\" decoding=\"async\" width=\"1024\" height=\"577\" src=\"http:\/\/www.gmboardgames.com\/blog\/wp-content\/uploads\/2025\/05\/produktowe-Togo-62-1024x577.jpg\" alt=\"\" class=\"wp-image-16754\" srcset=\"https:\/\/www.gmboardgames.com\/blog\/wp-content\/uploads\/2025\/05\/produktowe-Togo-62-1024x577.jpg 1024w, https:\/\/www.gmboardgames.com\/blog\/wp-content\/uploads\/2025\/05\/produktowe-Togo-62-300x169.jpg 300w, https:\/\/www.gmboardgames.com\/blog\/wp-content\/uploads\/2025\/05\/produktowe-Togo-62-768x432.jpg 768w, https:\/\/www.gmboardgames.com\/blog\/wp-content\/uploads\/2025\/05\/produktowe-Togo-62-1536x865.jpg 1536w, https:\/\/www.gmboardgames.com\/blog\/wp-content\/uploads\/2025\/05\/produktowe-Togo-62-2048x1153.jpg 2048w\" sizes=\"auto, (max-width: 1024px) 100vw, 1024px\" \/><\/a><\/figure><\/div>\n\n<div class=\"wp-block-image\">\n<figure class=\"aligncenter size-large\"><a href=\"http:\/\/www.gmboardgames.com\/blog\/wp-content\/uploads\/2025\/05\/produktowe-Togo-9-scaled.jpg\"><img loading=\"lazy\" decoding=\"async\" width=\"1024\" height=\"576\" src=\"http:\/\/www.gmboardgames.com\/blog\/wp-content\/uploads\/2025\/05\/produktowe-Togo-9-1024x576.jpg\" alt=\"\" class=\"wp-image-16756\" srcset=\"https:\/\/www.gmboardgames.com\/blog\/wp-content\/uploads\/2025\/05\/produktowe-Togo-9-1024x576.jpg 1024w, https:\/\/www.gmboardgames.com\/blog\/wp-content\/uploads\/2025\/05\/produktowe-Togo-9-300x169.jpg 300w, https:\/\/www.gmboardgames.com\/blog\/wp-content\/uploads\/2025\/05\/produktowe-Togo-9-768x432.jpg 768w, https:\/\/www.gmboardgames.com\/blog\/wp-content\/uploads\/2025\/05\/produktowe-Togo-9-1536x864.jpg 1536w, https:\/\/www.gmboardgames.com\/blog\/wp-content\/uploads\/2025\/05\/produktowe-Togo-9-2048x1152.jpg 2048w\" sizes=\"auto, (max-width: 1024px) 100vw, 1024px\" \/><\/a><\/figure><\/div>\n\n<div class=\"wp-block-image\">\n<figure class=\"aligncenter size-large\"><a href=\"http:\/\/www.gmboardgames.com\/blog\/wp-content\/uploads\/2025\/05\/produktowe-Togo-32-scaled.jpg\"><img loading=\"lazy\" decoding=\"async\" width=\"1024\" height=\"577\" src=\"http:\/\/www.gmboardgames.com\/blog\/wp-content\/uploads\/2025\/05\/produktowe-Togo-32-1024x577.jpg\" alt=\"\" class=\"wp-image-16757\" srcset=\"https:\/\/www.gmboardgames.com\/blog\/wp-content\/uploads\/2025\/05\/produktowe-Togo-32-1024x577.jpg 1024w, https:\/\/www.gmboardgames.com\/blog\/wp-content\/uploads\/2025\/05\/produktowe-Togo-32-300x169.jpg 300w, https:\/\/www.gmboardgames.com\/blog\/wp-content\/uploads\/2025\/05\/produktowe-Togo-32-768x432.jpg 768w, https:\/\/www.gmboardgames.com\/blog\/wp-content\/uploads\/2025\/05\/produktowe-Togo-32-1536x865.jpg 1536w, https:\/\/www.gmboardgames.com\/blog\/wp-content\/uploads\/2025\/05\/produktowe-Togo-32-2048x1153.jpg 2048w\" sizes=\"auto, (max-width: 1024px) 100vw, 1024px\" \/><\/a><\/figure><\/div>\n\n<div class=\"wp-block-image\">\n<figure class=\"aligncenter size-large\"><a href=\"http:\/\/www.gmboardgames.com\/blog\/wp-content\/uploads\/2025\/05\/produktowe-Togo-21-scaled.jpg\"><img loading=\"lazy\" decoding=\"async\" width=\"1024\" height=\"577\" src=\"http:\/\/www.gmboardgames.com\/blog\/wp-content\/uploads\/2025\/05\/produktowe-Togo-21-1024x577.jpg\" alt=\"\" class=\"wp-image-16758\" srcset=\"https:\/\/www.gmboardgames.com\/blog\/wp-content\/uploads\/2025\/05\/produktowe-Togo-21-1024x577.jpg 1024w, https:\/\/www.gmboardgames.com\/blog\/wp-content\/uploads\/2025\/05\/produktowe-Togo-21-300x169.jpg 300w, https:\/\/www.gmboardgames.com\/blog\/wp-content\/uploads\/2025\/05\/produktowe-Togo-21-768x432.jpg 768w, https:\/\/www.gmboardgames.com\/blog\/wp-content\/uploads\/2025\/05\/produktowe-Togo-21-1536x865.jpg 1536w, https:\/\/www.gmboardgames.com\/blog\/wp-content\/uploads\/2025\/05\/produktowe-Togo-21-2048x1153.jpg 2048w\" sizes=\"auto, (max-width: 1024px) 100vw, 1024px\" \/><\/a><\/figure><\/div>\n\n\n<figure class=\"wp-block-embed is-type-video is-provider-youtube wp-block-embed-youtube wp-embed-aspect-16-9 wp-has-aspect-ratio\"><div class=\"wp-block-embed__wrapper\">\n<iframe loading=\"lazy\" title=\"Wyspa Wrak\u00f3w - Raport bitewny Bogowie Wojny: Togo\" width=\"474\" height=\"267\" src=\"https:\/\/www.youtube.com\/embed\/ubsOe4veFKw?feature=oembed\" frameborder=\"0\" allow=\"accelerometer; autoplay; clipboard-write; encrypted-media; gyroscope; picture-in-picture; web-share\" referrerpolicy=\"strict-origin-when-cross-origin\" allowfullscreen><\/iframe>\n<\/div><figcaption class=\"wp-element-caption\">Polecamy obejrze\u0107 przyk\u0142adowy raport bitewny<\/figcaption><\/figure>\n\n\n\n<figure class=\"wp-block-embed is-type-video is-provider-youtube wp-block-embed-youtube wp-embed-aspect-16-9 wp-has-aspect-ratio\"><div class=\"wp-block-embed__wrapper\">\n<iframe loading=\"lazy\" title=\"Idziemy na rekord - Raport bitewny Bogowie Wojny: Togo\" width=\"474\" height=\"267\" src=\"https:\/\/www.youtube.com\/embed\/aME47dtYtcM?feature=oembed\" frameborder=\"0\" allow=\"accelerometer; autoplay; clipboard-write; encrypted-media; gyroscope; picture-in-picture; web-share\" referrerpolicy=\"strict-origin-when-cross-origin\" allowfullscreen><\/iframe>\n<\/div><figcaption class=\"wp-element-caption\">I jeszcze inny raport &#8211; z ogromnej bitwy<\/figcaption><\/figure>\n","protected":false},"excerpt":{"rendered":"<p>O godzinie 14.05 lokalnego czasu admira\u0142 Togo nakaza\u0142 ostry zwrot w lewo aby przeci\u0105\u0107 szyk nieprzyjaciela. Mikasa i pozosta\u0142e pancerniki rozpocz\u0119\u0142y niebezpieczny manewr pod ogniem rosyjskiej floty. Ka\u017cdy z nich w momencie zwrotu by\u0142 nara\u017cony na ogie\u0144 ca\u0142ej rosyjskiej eskadry. Minuty d\u0142u\u017cy\u0142y si\u0119 w przera\u017caj\u0105cym napi\u0119ciu&#8230; Jednak\u017ce Rosjanie strzelali bardzo niecelnie. Gdy tylko Japo\u0144czycy zako\u0144czyli &hellip; <a href=\"https:\/\/www.gmboardgames.com\/blog\/bogowie-wojny-togo\/\" class=\"more-link\">Czytaj dalej <span class=\"screen-reader-text\">Bogowie wojny: Togo<\/span> <span class=\"meta-nav\">&rarr;<\/span><\/a><\/p>\n","protected":false},"author":1,"featured_media":16749,"parent":0,"menu_order":0,"comment_status":"closed","ping_status":"closed","template":"","meta":{"footnotes":""},"class_list":["post-11603","page","type-page","status-publish","has-post-thumbnail","hentry"],"_links":{"self":[{"href":"https:\/\/www.gmboardgames.com\/blog\/wp-json\/wp\/v2\/pages\/11603","targetHints":{"allow":["GET"]}}],"collection":[{"href":"https:\/\/www.gmboardgames.com\/blog\/wp-json\/wp\/v2\/pages"}],"about":[{"href":"https:\/\/www.gmboardgames.com\/blog\/wp-json\/wp\/v2\/types\/page"}],"author":[{"embeddable":true,"href":"https:\/\/www.gmboardgames.com\/blog\/wp-json\/wp\/v2\/users\/1"}],"replies":[{"embeddable":true,"href":"https:\/\/www.gmboardgames.com\/blog\/wp-json\/wp\/v2\/comments?post=11603"}],"version-history":[{"count":20,"href":"https:\/\/www.gmboardgames.com\/blog\/wp-json\/wp\/v2\/pages\/11603\/revisions"}],"predecessor-version":[{"id":16759,"href":"https:\/\/www.gmboardgames.com\/blog\/wp-json\/wp\/v2\/pages\/11603\/revisions\/16759"}],"wp:featuredmedia":[{"embeddable":true,"href":"https:\/\/www.gmboardgames.com\/blog\/wp-json\/wp\/v2\/media\/16749"}],"wp:attachment":[{"href":"https:\/\/www.gmboardgames.com\/blog\/wp-json\/wp\/v2\/media?parent=11603"}],"curies":[{"name":"wp","href":"https:\/\/api.w.org\/{rel}","templated":true}]}}